 Let k be c(-5). Calculate the highest common divisor of y and k.
4
Suppose -h - 437 = -4*t, 0 = 3*t + 2*h - 370 + 56. Suppose -60 = -2*x - x. Suppose 0 = -u + x - 8. Calculate the highest common divisor of u and t.
12
Let w be (-1)/4 - 2457/(-52). Suppose w = 4*r + 3. What is the greatest common divisor of r and 55?
11
Let c = 6 + 7. Suppose g - 2*g + c = 0. Calculate the greatest common factor of 52 and g.
13
Suppose -2*p + 16 = 2*p. Suppose 232 + 124 = p*l. Suppose 6*s - l = -4*v + s, 5*v = -s + 85. What is the highest common factor of 2 and v?
2
Let h = 102 - 11. Let r = h + -55. Let k(v) = v**2 - 3*v - 1. Let t be k(-2). Calculate the highest common factor of t and r.
9
Suppose -2*c = 4*o, -c + 3*c - 21 = 3*o. Let g(n) = -n**2 - 5*n. Let m be g(-7). Let p = 29 + m. Calculate the greatest common divisor of p and c.
3
Let c(m) = m**2 - 2*m + 3. Let v be c(3). Suppose -5*d - 80 = -5*u, 80 = 5*u + v*d - 2*d. What is the greatest common factor of 32 and u?
16
Suppose -26*q + 29*q - 36 = 0. Suppose -1 - 3 = -w. Calculate the highest common factor of w and q.
4
Suppose 60 = -5*r - 4*h, 5*r - 7*r = 2*h + 24. Let q be r/(-9) - 4/(-6). Suppose 10 = -q*v + 130. Calculate the greatest common divisor of v and 15.
15
Let v be (-328)/(-24) - (-2)/(-3). Let a = 10 + v. Calculate the highest common divisor of 230 and a.
23
Suppose -n + 0 = -11. What is the greatest common factor of n and 33?
11
Suppose -13 = -r + 47. Suppose 2*t = -2*t + r. Calculate the greatest common divisor of 10 and t.
5
Let x(w) = -w + 3. Let m be x(0). Suppose 6 = 10*p - 9*p. Calculate the greatest common factor of p and m.
3
Let f be 9/12 - (-3)/(-4). Let x = f + 3. Suppose 2*j = -k + 35 + 15, 0 = -x*k + 2*j + 118. What is the highest common factor of 28 and k?
14
Let o = -23 - -41. Suppose 0*t - 3*y = -5*t + 19, 0 = -2*t + 4*y + 16. What is the highest common divisor of o and t?
2
Let g(o) = o**3 - 4*o**2 + 2*o - 4. Let z be g(4). Suppose -z*b + 5*b = 1. What is the highest common factor of b and 2?
1
Suppose 2*q = 4*q. Suppose q = -3*r - 43 - 29. Let d be (10/4)/((-6)/r). What is the highest common divisor of d and 4?
2
Suppose -4*v - w = -16, 5*w + 14 = 3*v - 21. Suppose -2*x - 15 = 4*g - 117, 231 = v*x + 2*g. What is the highest common factor of 18 and x?
9
Let f(z) = 2*z - 6. Let c be f(4). Suppose c*q - q = 4. Suppose -q*v + 144 = -108. What is the highest common factor of 9 and v?
9
Let a be (30/(-8))/((-2)/8). Calculate the highest common factor of a and 3.
3
Suppose b - 2*b + 160 = 0. Calculate the highest common divisor of 20 and b.
20
Let k be (36/5)/((-2)/20). Let h = k - -182. Calculate the greatest common factor of h and 10.
10
Suppose 6*q = -4*q + 1610. What is the highest common divisor of 23 and q?
23
Let v be 1*(-4 - -5) - -9. Calculate the greatest common divisor of v and 50.
10
Let b(g) = -4*g - 1. Let n be b(-1). Suppose 3*c + 3*a = 84, 0 = -5*c + a - n*a + 125. Let k = 88 - c. What is the highest common divisor of k and 13?
13
Suppose 0 = -9*g + 52 + 101. Suppose -4*u + 606 = -2*l, -l - l - 300 = -2*u. Calculate the highest common divisor of g and u.
17
Suppose 4*v = 2*j - 68, 0*j - 62 = -2*j + 2*v. Calculate the greatest common factor of j and 4.
4
Suppose 2*t - 5 = t. Suppose 16 = t*q - 159. What is the highest common factor of 14 and q?
7
Let v = 6 - 4. Suppose 2*d = -2*r - v*r - 2, r + 2*d + 8 = 0. Calculate the greatest common divisor of r and 1.
1
Suppose 0*t + 4*t = 2*a - 32, t + 5 = 0. Let p = a - 5. Let j be p*((3 - 2) + 0). Calculate the highest common divisor of j and 1.
1
Let g be 21/((-1 - 3)/(-4)). Calculate the greatest common divisor of g and 84.
21
Let h = 609 + -365. What is the highest common factor of 61 and h?
61
Let w be 2 - 0/((-9)/3). What is the highest common factor of w and 6?
2
Let l(a) = 3*a**2 + 5*a + 2. Let k be l(-5). Let y = k + -37. What is the highest common factor of y and 45?
15
Suppose -51 = 14*x - 317. What is the highest common factor of x and 323?
19
Let g(r) be the second derivative of 0 + 1/12*r**4 + 7/2*r**2 - 2/3*r**3 + r. Let x be g(5). What is the highest common divisor of 6 and x?
6
Suppose -59 = 4*r - 5*j - 241, r = 5*j + 38. Suppose -4*f + 60 = -r. Calculate the greatest common factor of f and 18.
9
Let t be (9 - 7)/((-2)/(-45)). Calculate the highest common divisor of t and 5.
5
Suppose -5*j - 10 = 0, 5*j = -5*a + j + 32. Calculate the greatest common divisor of 1 and a.
1
Let r = -2 - 2. Let g = 275 - 161. Let y be r/10 - g/(-10). Calculate the highest common factor of 44 and y.
11
Let j = -10 + 31. Suppose 119 + j = 4*a. Calculate the highest common divisor of 5 and a.
5
Let o be 4*(-2)/(-16)*2. Calculate the greatest common divisor of 11 and o.
1
Let y(q) = q**3 - 2*q**2 - 6*q + 3. Let d be y(5). Suppose 3*x + 9 = d. Calculate the greatest common factor of 91 and x.
13
Let c = -73 - -271. Calculate the greatest common divisor of 18 and c.
18
Let t be -1*4*2/(-4). Let w = 9 - t. Let z(j) = -8*j + 20. Let b be z(-1). What is the highest common divisor of b and w?
7
Let d(l) = -l**2 + 9*l + 7. Let z be d(5). Calculate the highest common factor of 9 and z.
9
Suppose 0 = 3*y - 7*y + 4. Let n(z) = -y + 2 - 1 - 16*z**3. Let i be n(-1). What is the greatest common factor of i and 32?
16
Let u(v) = 2*v - 15. Let d be u(11). What is the greatest common divisor of d and 1?
1
Suppose -3*d = g - 12, -5*g - 4 = -3*d + 26. Let j be ((-12)/d)/(2/(-10)). What is the highest common factor of j and 96?
12
Let b = 13 + 11. Calculate the highest common divisor of 12 and b.
12
Let x(z) = -z**3 - 14*z**2 - 20*z - 7. Let w be x(-13). Calculate the greatest common divisor of w and 24.
12
Suppose -2*u + 10 + 22 = 0. Calculate the greatest common divisor of 80 and u.
16
Let o = -39 + 135. Calculate the greatest common divisor of o and 3.
3
Let d be ((-4)/7)/((-4)/14). Let s(a) = 2*a + 1. Let w(z) = -3*z - 2. Let m(n) = -4*s(n) - 3*w(n). Let l be m(0). What is the highest common divisor of l and d?
2
Let j(c) = 2*c**2 - 2*c + 5. Let u be j(5). What is the highest common factor of 9 and u?
9
Let f = 25 + -18. Suppose 4*o = 3 + 25. Calculate the greatest common factor of o and f.
7
Let g be (2 + -1)/(2/8). Suppose -2*b + 2 = -b. Let l be 2 - g*b*-1. What is the highest common divisor of l and 20?
10
Suppose 4*i = 3*d - 3, 3*d + 3 = -4*i + 6. Suppose i = -o, -3*r = r - 2*o - 40. Suppose 0*s - r = -s. Calculate the highest common divisor of s and 25.
5
Let i(l) = 5*l + 10. Let n be i(9). What is the greatest common divisor of n and 5?
5
Let v be 0/(-1) + (-4 - -7). Suppose x + 2*a + 9 = 0, 2*a + 16 = -2*x - a. Let t = 4 - x. What is the highest common divisor of v and t?
3
Let x = 60 + 6. What is the greatest common factor of 6 and x?
6
Suppose 3*v + 73 = 5*b, -11*v + 6*v = 5. Calculate the greatest common divisor of 49 and b.
7
Let n be (-2)/12 - 150/(-36). What is the greatest common factor of 12 and n?
4
Let u(z) = 59*z + 2. Let s be u(2). Calculate the greatest common divisor of 15 and s.
15
Let o be 2/(-10) + (-2 - 805/(-25)). Calculate the highest common divisor of 10 and o.
10
Suppose -3*k = 3*u - 8*k - 103, 4*k = 4. What is the highest common divisor of 18 and u?
18
Let j be -2*(11/(-2))/1. Let x = -21 + 22. What is the greatest common factor of x and j?
1
Suppose 0*k - 8 = -4*k. Suppose k*p = 1 + 31. Suppose -2*i = -8 - 8. What is the highest common factor of p and i?
8
Let h be (6/4)/(4/216). Let r(t) = -t**3 + 7*t**2 + t + 2. Let j be r(7). Calculate the greatest common divisor of j and h.
9
Suppose 0*h - 5*h - 30 = 0. Suppose -5*c = -2*t + 1 + 2, -2*t - 3*c = -27. Let z = h + t. What is the highest common divisor of z and 3?
3
Let x = 130 - 112. What is the highest common factor of 27 and x?
9
Let j(g) = 4*g**2 + 3*g + 9. Let p be j(-6). Suppose h = 5*o - 6, -7*h = -2*h - 5*o + 110. Let w = -11 - h. What is the highest common factor of p and w?
15
Suppose 10 + 26 = 4*i. What is the greatest common divisor of 27 and i?
9
Suppose 0 = -5*o + 8*o - 24. Let v be -1 - (-28)/o*6. Calculate the greatest common factor of v and 10.
10
Let z be 7 - 2 - 1 - 3. Calculate the greatest common factor of 4 and z.
1
Let o(z) = 0 + 0*z + z**3 - 11*z**2 - 7 + 2*z + 1. Let s be o(11). What is the highest common factor of s and 24?
8
Suppose 